{"id":24,"date":"2015-01-19T10:25:03","date_gmt":"2015-01-19T10:25:03","guid":{"rendered":"http:\/\/southdancersgang.fr\/?page_id=24"},"modified":"2025-08-30T19:20:16","modified_gmt":"2025-08-30T19:20:16","slug":"accueil","status":"publish","type":"page","link":"https:\/\/southdancersgang.fr\/","title":{"rendered":"Accueil"},"content":{"rendered":"<div class=\"wp-block-image\">\n<figure class=\"aligncenter size-large\"><a href=\"http:\/\/southdancersgang.fr\/wp-content\/uploads\/2025\/08\/WhatsApp-Image-2025-06-28-at-14.46.59.jpeg\"><img loading=\"lazy\" decoding=\"async\" width=\"1024\" height=\"473\" src=\"http:\/\/southdancersgang.fr\/wp-content\/uploads\/2025\/08\/WhatsApp-Image-2025-06-28-at-14.46.59-1024x473.jpeg\" alt=\"\" class=\"wp-image-2963\" srcset=\"https:\/\/southdancersgang.fr\/wp-content\/uploads\/2025\/08\/WhatsApp-Image-2025-06-28-at-14.46.59-1024x473.jpeg 1024w, https:\/\/southdancersgang.fr\/wp-content\/uploads\/2025\/08\/WhatsApp-Image-2025-06-28-at-14.46.59-300x139.jpeg 300w, https:\/\/southdancersgang.fr\/wp-content\/uploads\/2025\/08\/WhatsApp-Image-2025-06-28-at-14.46.59-768x355.jpeg 768w, https:\/\/southdancersgang.fr\/wp-content\/uploads\/2025\/08\/WhatsApp-Image-2025-06-28-at-14.46.59-1536x709.jpeg 1536w, https:\/\/southdancersgang.fr\/wp-content\/uploads\/2025\/08\/WhatsApp-Image-2025-06-28-at-14.46.59-130x60.jpeg 130w, https:\/\/southdancersgang.fr\/wp-content\/uploads\/2025\/08\/WhatsApp-Image-2025-06-28-at-14.46.59.jpeg 2040w\" sizes=\"(max-width: 1024px) 100vw, 1024px\" \/><\/a><\/figure><\/div>\n\n\n<h4 class=\"wp-block-heading has-text-align-center\">Une partie de l&rsquo;\u00e9quipe<\/h4>\n\n\n\n<p class=\"has-text-align-center\"><span style=\"color: #000000;\">L&rsquo;association a vu le jour en 2010 et nous sommes l\u00e0 pour vous faire d\u00e9couvrir la <span style=\"color: #3366ff;\"><strong>Country &amp; Line Dance<\/strong><\/span> dans la convivialit\u00e9 et la bonne humeur !<\/span><\/p>\n","protected":false},"excerpt":{"rendered":"<p>Une partie de l&rsquo;\u00e9quipe L&rsquo;association a vu le jour en 2010 et nous sommes l\u00e0 pour vous faire d\u00e9couvrir la Country &amp; Line Dance dans la convivialit\u00e9 et la bonne humeur !<\/p>\n","protected":false},"author":1,"featured_media":0,"parent":0,"menu_order":0,"comment_status":"closed","ping_status":"open","template":"","meta":{"footnotes":""},"_links":{"self":[{"href":"https:\/\/southdancersgang.fr\/index.php?rest_route=\/wp\/v2\/pages\/24"}],"collection":[{"href":"https:\/\/southdancersgang.fr\/index.php?rest_route=\/wp\/v2\/pages"}],"about":[{"href":"https:\/\/southdancersgang.fr\/index.php?rest_route=\/wp\/v2\/types\/page"}],"author":[{"embeddable":true,"href":"https:\/\/southdancersgang.fr\/index.php?rest_route=\/wp\/v2\/users\/1"}],"replies":[{"embeddable":true,"href":"https:\/\/southdancersgang.fr\/index.php?rest_route=%2Fwp%2Fv2%2Fcomments&post=24"}],"version-history":[{"count":58,"href":"https:\/\/southdancersgang.fr\/index.php?rest_route=\/wp\/v2\/pages\/24\/revisions"}],"predecessor-version":[{"id":2977,"href":"https:\/\/southdancersgang.fr\/index.php?rest_route=\/wp\/v2\/pages\/24\/revisions\/2977"}],"wp:attachment":[{"href":"https:\/\/southdancersgang.fr\/index.php?rest_route=%2Fwp%2Fv2%2Fmedia&parent=24"}],"curies":[{"name":"wp","href":"https:\/\/api.w.org\/{rel}","templated":true}]}}